or of y and 1.
1
Let i(x) = -2*x + 1. Let k be i(-1). Suppose -3*d = 5*h - 92 - 48, -k*h - 2*d = -83. Calculate the highest common divisor of 217 and h.
31
Suppose -3*f = -12 - 9. Let o(v) = -v**2 + 12*v + 10. Let m be o(12). Let i = m + 4. Calculate the highest common divisor of f and i.
7
Let d(i) = -i. Let k(q) = -3*q + 5. Let l(o) = -2*d(o) + k(o). Let n be 1 + 6*3/6. Let g be l(n). What is the highest common factor of g and 3?
1
Let c = -6 - -11. Let u be ((-186)/(-18) - 5) + (-6)/18. Suppose u*s = -10, 6*s + 68 = c*i + 2*s. What is the highest common divisor of i and 8?
4
Let q = 57 + 68. Suppose 5*a - q = 55. Suppose 0 = 9*g - 261 - 549. Calculate the greatest common factor of g and a.
18
Suppose -11*x = 22*x - 594. What is the greatest common factor of 24 and x?
6
Let m = -3 + 3. Suppose m = -3*d + 30 + 48. Let u = 113 - 61. What is the greatest common divisor of d and u?
26
Suppose 7*r - 10 = 4. Suppose r*g + 5*x - 265 = -47, 0 = -2*g + 5*x + 178. Calculate the highest common divisor of g and 11.
11
Suppose -232*i + 229*i + 363 = 0. What is the highest common divisor of 33 and i?
11
Let y = -621 - -635. Calculate the greatest common divisor of y and 469.
7
Let g(j) be the third derivative of 0*j + 1/30*j**5 - 2*j**2 + 1/6*j**4 + 0 - 1/2*j**3. Let p be g(4). Calculate the highest common divisor of 9 and p.
9
Let w be 16*33 - (-3)/((-27)/(-18)). What is the highest common divisor of w and 50?
10
Let f(k) = 2 + 8*k - 9*k - 5. Let t be f(-2). Let u be (-2 - 0)/(t/4). What is the highest common factor of 56 and u?
8
Let v = 13 + 7. Let y = 667 + -657. What is the highest common divisor of y and v?
10
Let h be -8 - (3 - 7) - -50. Suppose 2*w - n - h = 0, 7 + 10 = w + n. Calculate the highest common factor of 21 and w.
21
Let c be (-4)/10 + 411/15. Let s = -218 + 392. Let g = s - 165. What is the highest common factor of c and g?
9
Let v(y) = y**2 + y - 2. Let n be v(3). Suppose -n - 15 = -5*h. Suppose h*o - 165 - 75 = 0. What is the greatest common factor of 6 and o?
6
Let c(q) = 5*q - 63. Let r be c(15). What is the highest common factor of r and 4?
4
Suppose -37*q + 32*q + 530 = 5*c, -4*c + 400 = -2*q. What is the highest common factor of c and 36?
6
Let d be (3/12)/((-8)/(-64)). Suppose 110 + 154 = d*u. Calculate the highest common factor of u and 12.
12
Suppose 0 = -5*k - 2*u + 7*u + 45, k = 5*u + 13. Let f = 119 - 51. Let x = f - 66. What is the highest common divisor of k and x?
2
Suppose q - 17 = -0*o - 5*o, -o + 11 = 4*q. Suppose -q*l + m - 3*m + 10 = 0, -l = 4*m - 11. What is the highest common divisor of 6 and l?
3
Suppose 0 = -y - 0*y - 5*j + 9, 0 = 3*y - 2*j - 27. Suppose -3*g = -y*g + 78. Calculate the highest common divisor of g and 91.
13
Suppose 5*f + 12 = 2*v, 3*f + 2*f = 0. Suppose v = -5*m + 216. What is the highest common divisor of m and 105?
21
Let r be (-110)/(-7) + 4/14. Let u be (-1)/2 - (1320/16)/(-15). Suppose -u*f + r = -4*f. Calculate the greatest common factor of 176 and f.
16
Suppose 2*i - 10 = 32. What is the highest common divisor of i and 3?
3
Let l = 742 - 710. Let d = 127 + 33. Calculate the highest common divisor of l and d.
32
Let k(c) = -c**3 + 3*c**2 + 25*c - 20. Let f be k(6). Calculate the highest common divisor of 627 and f.
11
Let c = 0 + 6. Let w be (-3)/(-1 - 92/(-104)). Suppose -2*y + 4*b + c = -7*y, 3*y - 5*b = w. What is the greatest common factor of 6 and y?
2
Let p be (-546)/(-27) - (50/(-18) - -3). Suppose -p*r = -7*r - 221. Let i(q) = q**3 - q + 187. Let v be i(0). What is the highest common factor of r and v?
17
Suppose 87 = -2*s + 175. Let l be 106/(-6) - (-2)/(-6). Let z be (-3)/l - (-23)/6. What is the greatest common divisor of z and s?
4
Let h be ((-92)/(-7))/((-10)/(-35)). Suppose -6 - 3 = -3*m, 0 = -5*s - 3*m - 156. Let z = h + s. Calculate the highest common factor of 52 and z.
13
Let u(o) = o**3 + 5*o**2 - o - 5. Let s be u(4). Let d be (3/(-2))/((-1)/(-18)*3). Let w be (-3)/d*(0 + 45). Calculate the highest common divisor of w and s.
15
Suppose -5*w + 207 = 197. Suppose -4*g = -w - 6. Calculate the greatest common divisor of 14 and g.
2
Let r(p) be the third derivative of p**5/10 + p**2. Let k be r(-1). Suppose 0 = 5*d + 5*f, 55*f = -d + 51*f - 12. What is the highest common divisor of d and k?
2
Suppose 2*g - 4*g = -104. Suppose 2*i + 120 = 3*x + 2*x, -2*x - 2*i + 62 = 0. Calculate the greatest common divisor of x and g.
26
Let g be 102/(-18)*3 + 1 + -3. Let y = -15 - g. Calculate the highest common divisor of y and 1.
1
Let m = 32 + -25. Calculate the highest common factor of m and 5.
1
Let q = 50 + 4. Let o be (-7)/((-21)/396) + 3. What is the greatest common divisor of q and o?
27
Let f be 54*(7 - 28/(-8)*-1). Calculate the highest common divisor of f and 21.
21
Let o be (-2)/(-4)*-2 + 11. Suppose 3*m + 157 = 4*w, -2*m = 3*w - 145 + 23. Calculate the highest common divisor of o and w.
10
Let y(j) = 74*j + 2. Let t be y(-4). Let i = t + 454. Suppose 3*w - i = -2*w. Calculate the highest common divisor of w and 4.
4
Let g(w) = 2*w**3 - w**2 - 1. Let r be g(2). Let o be (-58)/6 - 2/(-3). Let f be o/((-189)/(-66))*-7. Calculate the highest common factor of r and f.
11
Suppose 3*d = 4*r + 8, -3*r = -d + 4*d + 6. Suppose 3*o = -d*o. Let l be 14/2 + o - 3. Calculate the highest common factor of 36 and l.
4
Let f = 140 - 115. What is the greatest common divisor of 175 and f?
25
Let r(z) = z**3 - 2*z**2 + z + 2. Let a be r(5). Let d = a + -54. Calculate the greatest common factor of d and 14.
14
Let z be 3*(28/12 + 2/6). Suppose -12*g = -z*g - 320. Calculate the highest common divisor of 32 and g.
16
Suppose 6 - 21 = m. Let a(f) = f**2 + 14*f - 3. Let h be a(m). What is the highest common factor of 8 and h?
4
Let r = -68 + 158. Suppose 0*f + 18 = 2*f. Let z be (-6)/f*(4 - 19). What is the highest common factor of z and r?
10
Suppose -28*n + 32*n = 0. Let b be (6/7)/((-1)/(-7)). Suppose n = 9*y - b*y - 48. Calculate the greatest common divisor of 8 and y.
8
Let i(r) = -5*r**3 + 40*r**2 - 18*r + 24. Let q be i(7). Suppose -j - m = -22 - 2, -3*m + 14 = j. Let v = j - 16. What is the highest common factor of v and q?
13
Let m be ((-3)/(-4))/((-10)/(-8) - 1). Suppose 4*t + b - 15 = -t, -m*b = -t - 13. Let j(r) = -3*r. Let f be j(-1). What is the highest common factor of t and f?
1
Suppose 4*x - 28*g = -31*g + 83, 5*x = -5*g + 105. What is the greatest common divisor of x and 870?
10
Suppose 0 = -4*q - 2*n + 302, q = -2*n + 7*n + 81. Calculate the highest common divisor of q and 57.
19
Let u(b) = -b - 2. Let o be u(-4). Let g be (-182)/(-28) + o/4. Calculate the highest common divisor of g and 49.
7
Let k(f) = -f**3 + 13*f**2 - 11*f - 4. Let z = 9 - -2. Let g be k(z). What is the highest common divisor of g and 9?
9
Suppose 690 = 23*w + 115. Calculate the highest common divisor of w and 425.
25
Let l(v) = v**3 + 8*v**2 - 22*v - 14. Let k be l(-10). Suppose -k*q = -122 - 142. Calculate the highest common factor of q and 88.
44
Let l be 14/2*4/14. Let k(o) be the first derivative of -o**3/3 + 7*o**2/2 - 2*o - 2. Let c be k(6). What is the highest common factor of l and c?
2
Let k = 201 - 66. Let f(i) = -i**3 + 24*i**2 - 19*i + 471. Let q be f(24). Calculate the highest common factor of q and k.
15
Let i = 51 - 18. Suppose 6 = -3*o + 9. Let v(g) = 10*g**2 - g + 2. Let f be v(o). Calculate the greatest common factor of f and i.
11
Let s be (-186)/(-9) - 4/6. Let h(x) = -2*x + 14. Suppose -7*r + 20 = 76. Let q be h(r). What is the highest common divisor of q and s?
10
Let r = 211 + -2. Suppose 4*b - 17*b + 247 = 0. Calculate the greatest common divisor of b and r.
19
Suppose -5*d + 78 = -647. What is the greatest common divisor of d and 5?
5
Suppose -16*b + 12*b = -5*s + 75, 3*s - 45 = 2*b. Let f(o) = -164*o + 1. Let g be f(-1). What is the highest common divisor of s and g?
15
Let s(u) = 0*u**2 + 3*u**2 - 7*u**2 + 6*u**2 + 22 - 13*u. Let y be s(10). What is the highest common factor of y and 4?
4
Let j(y) = y**2 - 55*y + 1592. Let s be j(0). What is the highest common divisor of s and 8?
8
Suppose -3 = -4*s + 7*s. Let k be (9 - 5) + s + -3. Suppose k = t + d + d - 113, 5*t + 2*d - 533 = 0. What is the highest common factor of t and 42?
21
Let y(v) = v**2 + 15*v + 20. Let d be y(-15). Let